10
-13
Convert -11 (base 2) to base 11.
-3
b3 (base 13) to base 2
10010010
-2 (base 15) to base 3
-2
Convert -10101011 (base 2) to base 10.
-171
What is -16 (base 16) in base 14?
-18
-45 (base 6) to base 5
-104
-2 (base 7) to base 6
-2
What is -10 (base 2) in base 3?
-2
What is ba (base 13) in base 9?
180
What is a7 (base 14) in base 3?
12110
Convert 27 (base 14) to base 16.
23
-53 (base 13) to base 10
-68
What is -44 (base 6) in base 13?
-22
95 (base 14) to base 8
203
12 (base 4) to base 10
6
d (base 16) to base 5
23
2313 (base 4) to base 16
b7
Convert 200 (base 3) to base 13.
15
Convert 4 (base 11) to base 7.
4
What is 4b (base 13) in base 10?
63
0 (base 15) to base 7
0
Convert -2 (base 11) to base 14.
-2
What is -103 (base 4) in base 11?
-18
232 (base 4) to base 9
51
What is 1 (base 7) in base 10?
1
3123 (base 4) to base 8
333
-4 (base 5) to base 16
-4
What is -3 (base 8) in base 13?
-3
Convert 19 (base 16) to base 6.
41
What is 5 (base 13) in base 10?
5
-1 (base 9) to base 6
-1
Convert 5 (base 6) to base 4.
11
Convert -4 (base 15) to base 2.
-100
What is -5 (base 15) in base 9?
-5
Convert 1 (base 7) to base 13.
1
Convert -3 (base 6) to base 2.
-11
What is 101 (base 13) in base 3?
20022
-1a0 (base 12) to base 15
-129
What is 1010 (base 2) in base 3?
101
Convert 110000 (base 2) to base 6.
120
Convert -1102 (base 5) to base 14.
-ac
15 (base 16) to base 4
111
0 (base 15) to base 14
0
-8 (base 15) to base 3
-22
Convert 1221 (base 5) to base 10.
186
Convert -135 (base 10) to base 15.
-90
Convert 22 (base 5) to base 12.
10
What is 11011 (base 3) in base 14?
80
What is 2 (base 6) in base 16?
2
What is 4 (base 16) in base 6?
4
Convert -51 (base 7) to base 2.
-100100
-110 (base 5) to base 3
-1010
Convert 3 (base 4) to base 15.
3
What is 10 (base 5) in base 13?
5
73 (base 10) to base 16
49
What is -2 (base 15) in base 6?
-2
1 (base 6) to base 5
1
What is 25 (base 14) in base 2?
100001
Convert 11031 (base 4) to base 14.
19b
What is -133 (base 13) in base 7?
-421
Convert 195 (base 12) to base 2.
100000001
What is -62 (base 13) in base 9?
-88
What is 10000 (base 2) in base 9?
17
What is 1 (base 15) in base 10?
1
Convert -12 (base 9) to base 2.
-1011
What is -11 (base 15) in base 8?
-20
Convert -8b (base 16) to base 5.
-1024
What is 10 (base 4) in base 6?
4
Convert 12 (base 10) to base 3.
110
-3 (base 4) to base 14
-3
Convert 24 (base 10) to base 14.
1a
What is -125 (base 6) in base 15?
-38
Convert 6 (base 9) to base 11.
6
14 (base 13) to base 3
122
Convert 24 (base 16) to base 2.
100100
What is -3 (base 4) in base 9?
-3
Convert -9 (base 12) to base 10.
-9
-4 (base 16) to base 6
-4
What is 0 (base 5) in base 4?
0
What is 8 (base 11) in base 7?
11
12 (base 7) to base 6
13
Convert -3 (base 14) to base 10.
-3
What is 24 (base 7) in base 8?
22
Convert -5a (base 15) to base 7.
-151
-10 (base 13) to base 16
-d
1 (base 4) to base 12
1
0 (base 14) to base 13
0
-3 (base 10) to base 2
-11
What is 120 (base 4) in base 13?
1b
-31 (base 10) to base 14
-23
Convert f (base 16) to base 11.
14
-137 (base 11) to base 6
-425
What is -21 (base 11) in base 8?
-27
What is -1 (base 5) in base 10?
-1
Convert 38 (base 12) to base 10.
44
What is -1 (base 9) in base 12?
-1
What is -7 (base 15) in base 14?
-7
5d (base 16) to base 8
135
3 (base 14) to base 11
3
0 (base 16) to base 6
0
Convert -3 (base 13) to base 9.
-3
What is 1c (base 13) in base 16?
19
Convert -10 (base 5) to base 4.
-11
Convert 337 (base 9) to base 8.
425
Convert -14 (base 10) to base 11.
-13
Convert -134 (base 7) to base 2.
-1001010
What is -1 (base 4) in base 15?
-1
Convert -53 (base 6) to base 3.
-1020
-120 (base 3) to base 2
-1111
What is 42 (base 6) in base 16?
1a
What is 141 (base 6) in base 2?
111101
What is -1 (base 4) in base 9?
-1
What is 39 (base 11) in base 3?
1120
-26 (base 8) to base 6
-34
-11 (base 7) to base 12
-8
Convert -1010101 (base 2) to base 16.
-55
What is -20 (base 3) in base 11?
-6
-6 (base 15) to base 16
-6
What is -8 (base 12) in base 3?
-22
Convert 39 (base 13) to base 5.
143
Convert -254 (base 9) to base 16.
-d3
-211 (base 3) to base 12
-1a
-3 (base 10) to base 12
-3
Convert 36 (base 10) to base 9.
40
Convert 6 (base 16) to base 8.
6
What is -22 (base 4) in base 2?
-1010
Convert 61 (base 9) to base 12.
47
Convert 3 (base 8) to base 7.
3
Convert 98 (base 14) to base 10.
134
What is -3 (base 13) in base 9?
-3
-9 (base 13) to base 9
-10
-49 (base 10) to base 4
-301
b (base 15) to base 5
21
What is 1 (base 8) in base 5?
1
Convert -21101 (base 3) to base 16.
-c7
Convert 10 (base 2) to base 10.
2
-343 (base 6) to base 16
-87
What is -300 (base 6) in base 9?
-130
Convert -1441 (base 5) to base 7.
-501
What is 0 (base 13) in base 4?
0
-3 (base 6) to base 2
-11
What is -27 (base 9) in base 4?
-121
1f (base 16) to base 15
21
What is -110101 (base 2) in base 7?
-104
-2 (base 13) to base 10
-2
Convert 7 (base 15) to base 9.
7
What is 222 (base 12) in base 3?
102122
Convert 0 (base 10) to base 12.
0
-52 (base 13) to base 10
-67
171 (base 11) to base 3
21101
-3 (base 6) to base 5
-3
What is -b (base 16) in base 6?
-15
Convert 19 (base 12) to base 3.
210
Convert -20 (base 10) to base 14.
-16
1413 (base 5) to base 14
129
-28 (base 14) to base 10
-36
What is 80 (base 16) in base 4?
2000
What is -5 (base 10) in base 7?
-5
Convert 4a (base 12) to base 4.
322
-1220 (base 3) to base 5
-201
What is -242 (base 5) in base 9?
-80
What is 1 (base 16) in base 3?
1
What is 1 (base 7) in base 3?
1
Convert 16 (base 13) to base 2.
10011
Convert 31 (base 14) to base 12.
37
What is 3 (base 11) in base 4?
3
Convert 120 (base 8) to base 10.
80
7 (base 12) to base 8
7
-152 (base 8) to base 14
-78
Convert c (base 13) to base 2.
1100
Convert 31 (base 6) to base 16.
13
Convert -504 (base 8) to base 6.
-1300
What is -4 (base 10) in base 4?
-10
What is 12 (base 10) in base 12?
10
Convert 4 (base 10) to base 13.
4
-211 (base 7) to base 3
-10221
-12 (base 7) to base 8
-11
What is -12 (base 3) in base 4?
-11
-2 (base 10) to base 12
-2
What is -100111 (base 2) in base 5?
-124
What is -10111 (base 2) in base 4?
-113
What is -b3 (base 12) in base 6?
-343
What is -10 (base 9) in base 8?
-11
-16 (base 11) to base 14
-13
Convert -2 (base 16) to base 12.
-2
Convert 16 (base 12) to base 11.
17
-24 (base 12) to base 2
-11100
-4 (base 11) to base 14
-4
What is -e (base 15) in base 10?
-14
Convert 113 (base 5) to base 10.
33
Convert 61 (base 13) to base 11.
72
Convert -10100011 (base 2) to base 15.
-ad
What is -34 (base 9) in base 16?
-1f
What is -5 (base 15) in base 2?
-101
What is 12 (base 15) in base 5?
32
Convert -302 (base 6) to base 14.
-7c
Convert 136 (base 16) to base 13.
1ab
-1 (base 2) to base 8
-1
Convert 0 (base 14) to base 13.
0
-2000 (base 3) to base 5
-204
What is 182 (base 10) in base 8?
266
-2 (base 4) to base 15
-2
Convert 5c (base 15) to base 9.
106
Convert 244 (base 5) to base 12.
62
4 (base 10) to base 9
4
Convert f (base 16) to base 2.
1111
What is -17 (base 9) in base 4?
-100
-121 (base 3) to base 13
-13
What is -3 (base 16) in base 11?
-3
-10 (base 16) to base 13
-13
What is 34 (base 13) in base 7?
61
14 (base 8) to base 12
10
Convert 1 (base 7) to base 11.
1
What is -16 (base 14) in base 2?
-10100
Convert 19 (base 10) to base 5.
34
-3 (base 8) to base 5
-3
What is 5a (base 11) in base 2?
1000001
Convert -102 (base 3) to base 7.
-14
What is -1 (base 16) in base 3?
-1
What is 21 (base 11) in base 9?
25
Convert -54 (base 7) to base 15.
-29
-4 (base 5) to base 4
-10
0 (base 4) to base 10
0
Convert -3a (base 11) to base 8.
-53
What is -141 (base 5) in base 10?
-46
Convert -4d (base 14) to base 10.
-69
0 (base 9) to base 13
0
Convert -30 (base 5) to base 8.
-17
Convert 15 (base 8) to base 14.
d
13 (base 7) to base 12
a
Convert 6 (base 14) to base 3.
20
132 (base 6) to base 2
111000
Convert -9 (base 12) to base 2.
-1001
What is -403 (base 5) in base 10?
-103
10 (base 9) to base 14
9
Convert 1 (base 5) to base 7.
1
Convert -3 (base 8) to base 6.
-3
221 (base 10) to base 3
22012
Convert -4 (base 5) to base 2.
-100
Convert 7a (base 11) to base 6.
223
-13 (base 13) to base 14
-12
What is -127 (base 12) in base 3?
-20111
What is 101 (base 2) in base 9?
5
-5 (base 12) to base 16
-5
Convert -2 (base 9) to base 6.
-2
-48 (b